20
What is the remainder when 78 is divided by 9?
6
Calculate the remainder when 444 is divided by 64.
60
What is the remainder when 1956 is divided by 53?
48
Calculate the remainder when 559 is divided by 16.
15
What is the remainder when 1340 is divided by 11?
9
Calculate the remainder when 393 is divided by 125.
18
Calculate the remainder when 140 is divided by 4.
0
Calculate the remainder when 51 is divided by 26.
25
What is the remainder when 239 is divided by 75?
14
What is the remainder when 101 is divided by 13?
10
What is the remainder when 3621 is divided by 21?
9
Calculate the remainder when 175 is divided by 63.
49
What is the remainder when 457 is divided by 51?
49
Calculate the remainder when 47 is divided by 8.
7
What is the remainder when 6204 is divided by 3096?
12
Calculate the remainder when 1351 is divided by 12.
7
Calculate the remainder when 42 is divided by 22.
20
What is the remainder when 533 is divided by 77?
71
Calculate the remainder when 124 is divided by 21.
19
What is the remainder when 3241 is divided by 24?
1
What is the remainder when 3420 is divided by 118?
116
Calculate the remainder when 380 is divided by 24.
20
What is the remainder when 144 is divided by 13?
1
What is the remainder when 603 is divided by 76?
71
What is the remainder when 186 is divided by 63?
60
What is the remainder when 52 is divided by 6?
4
Calculate the remainder when 359 is divided by 16.
7
Calculate the remainder when 545 is divided by 14.
13
Calculate the remainder when 151 is divided by 22.
19
What is the remainder when 214 is divided by 74?
66
What is the remainder when 1452 is divided by 66?
0
Calculate the remainder when 182 is divided by 17.
12
What is the remainder when 219 is divided by 56?
51
What is the remainder when 276 is divided by 54?
6
Calculate the remainder when 93 is divided by 32.
29
Calculate the remainder when 6036 is divided by 65.
56
What is the remainder when 14339 is divided by 326?
321
What is the remainder when 1286 is divided by 68?
62
What is the remainder when 339 is divided by 168?
3
Calculate the remainder when 38 is divided by 12.
2
Calculate the remainder when 680 is divided by 5.
0
Calculate the remainder when 516 is divided by 123.
24
Calculate the remainder when 809 is divided by 62.
3
What is the remainder when 20 is divided by 14?
6
Calculate the remainder when 635 is divided by 614.
21
Calculate the remainder when 65 is divided by 31.
3
What is the remainder when 2754 is divided by 56?
10
What is the remainder when 2854 is divided by 711?
10
Calculate the remainder when 84 is divided by 19.
8
What is the remainder when 136 is divided by 29?
20
What is the remainder when 277 is divided by 210?
67
What is the remainder when 2350 is divided by 56?
54
What is the remainder when 161 is divided by 19?
9
Calculate the remainder when 1195 is divided by 63.
61
What is the remainder when 84 is divided by 54?
30
What is the remainder when 58 is divided by 31?
27
What is the remainder when 205 is divided by 100?
5
Calculate the remainder when 206 is divided by 72.
62
Calculate the remainder when 127 is divided by 73.
54
Calculate the remainder when 218 is divided by 47.
30
Calculate the remainder when 11447 is divided by 159.
158
What is the remainder when 2519 is divided by 314?
7
Calculate the remainder when 231 is divided by 6.
3
Calculate the remainder when 36 is divided by 20.
16
Calculate the remainder when 127 is divided by 9.
1
What is the remainder when 272 is divided by 46?
42
What is the remainder when 398 is divided by 101?
95
Calculate the remainder when 3925 is divided by 326.
13
Calculate the remainder when 296 is divided by 9.
8
What is the remainder when 839 is divided by 39?
20
What is the remainder when 137 is divided by 23?
22
Calculate the remainder when 863 is divided by 9.
8
Calculate the remainder when 367 is divided by 8.
7
Calculate the remainder when 21 is divided by 11.
10
Calculate the remainder when 90 is divided by 24.
18
What is the remainder when 506 is divided by 28?
2
What is the remainder when 287 is divided by 90?
17
Calculate the remainder when 1536 is divided by 57.
54
What is the remainder when 1327 is divided by 5?
2
Calculate the remainder when 5741 is divided by 66.
65
What is the remainder when 101 is divided by 3?
2
Calculate the remainder when 252 is divided by 67.
51
Calculate the remainder when 87 is divided by 58.
29
Calculate the remainder when 238 is divided by 81.
76
What is the remainder when 1747 is divided by 581?
4
What is the remainder when 578 is divided by 183?
29
What is the remainder when 1185 is divided by 29?
25
Calculate the remainder when 332 is divided by 125.
82
What is the remainder when 4118 is divided by 229?
225
What is the remainder when 51 is divided by 34?
17
What is the remainder when 335 is divided by 42?
41
What is the remainder when 2023 is divided by 81?
79
Calculate the remainder when 477 is divided by 20.
17
Calculate the remainder when 1024 is divided by 25.
24
What is the remainder when 1494 is divided by 54?
36
What is the remainder when 152 is divided by 41?
29
What is the remainder when 154 is divided by 34?
18
What is the remainder when 234 is divided by 34?
30
What is the remainder when 97 is divided by 49?
48
What is the remainder when 306 is divided by 44?
42
Calculate the remainder when 250 is divided by 14.
12
Calculate the remainder when 263 is divided by 12.
11
What is the remainder when 2008 is divided by 88?
72
What is the remainder when 3187 is divided by 1049?
40
What is the remainder when 513 is divided by 43?
40
Calculate the remainder when 177 is divided by 30.
27
What is the remainder when 6998 is divided by 125?
123
What is the remainder when 2393 is divided by 126?
125
What is the remainder when 54 is divided by 34?
20
What is the remainder when 23 is divided by 5?
3
Calculate the remainder when 466 is divided by 157.
152
What is the remainder when 24325 is divided by 53?
51
Calculate the remainder when 13634 is divided by 15.
14
What is the remainder when 33 is divided by 15?
3
What is the remainder when 8902 is divided by 68?
62
What is the remainder when 185 is divided by 86?
13
Calculate the remainder when 50292 is divided by 7.
4
Calculate the remainder when 2439 is divided by 40.
39
Calculate the remainder when 799 is divided by 20.
19
What is the remainder when 157 is divided by 40?
37
What is the remainder when 351 is divided by 348?
3
Calculate the remainder when 107 is divided by 44.
19
Calculate the remainder when 1672 is divided by 23.
16
Calculate the remainder when 334 is divided by 14.
12
Calculate the remainder when 170 is divided by 56.
2
Calculate the remainder when 398 is divided by 33.
2
What is the remainder when 15398 is divided by 77?
75
What is the remainder when 1820 is divided by 7?
0
Calculate the remainder when 347 is divided by 81.
23
What is the remainder when 279 is divided by 47?
44
What is the remainder when 268 is divided by 69?
61
Calculate the remainder when 61 is divided by 57.
4
Calculate the remainder when 20647 is divided by 5.
2
Calculate the remainder when 519 is divided by 39.
12
What is the remainder when 102 is divided by 1?
0
Calculate the remainder when 421 is divided by 53.
50
Calculate the remainder when 75 is divided by 25.
0
Calculate the remainder when 388 is divided by 117.
37
What is the remainder when 764 is divided by 186?
20
What is the remainder when 188 is divided by 13?
6
What is the remainder when 13459 is divided by 187?
182
Calculate the remainder when 364 is divided by 53.
46
Calculate the remainder when 6345 is divided by 50.
45
What is the remainder when 399 is divided by 25?
24
Calculate the remainder when 144 is divided by 15.
9
What is the remainder when 331 is divided by 9?
7
Calculate the remainder when 358 is divided by 94.
76
What is the remainder when 8334 is divided by 21?
18
What is the remainder when 26 is divided by 7?
5
What is the remainder when 293 is divided by 59?
57
What is the remainder when 98 is divided by 13?
7
Calculate the remainder when 394 is divided by 126.
16
What is the remainder when 33629 is divided by 95?
94
What is the remainder when 19935 is divided by 8?
7
What is the remainder when 251 is divided 